{"id":1386,"date":"2023-09-06T19:12:41","date_gmt":"2023-09-06T19:12:41","guid":{"rendered":"https:\/\/straton.pt\/?post_type=product&#038;p=1386"},"modified":"2024-01-15T19:20:05","modified_gmt":"2024-01-15T19:20:05","slug":"andarilho-4-rodas-dobravel-travoes-nos-punhos-assento-e-encosto","status":"publish","type":"product","link":"https:\/\/straton.pt\/?product=andarilho-4-rodas-dobravel-travoes-nos-punhos-assento-e-encosto","title":{"rendered":"Andarilho 4 rodas, dobr\u00e1vel, trav\u00f5es nos punhos, assento e encosto"},"content":{"rendered":"<p>Os andarilhos para idosos modelo Col\u00f3n s\u00e3o ideais para pessoas com mobilidade reduzida, apresentam um design moderno e leve com uma elegante cor bord\u00f4. Este andarilho com rodas ajuda a melhorar a mobilidade das pessoas com problemas de mobilidade, melhorando assim a qualidade de vida.<\/p>\n<p>Seus materiais de primeira qualidade agregam valor, seguran\u00e7a e resist\u00eancia ao andarilho, auxiliando na preven\u00e7\u00e3o de quedas e proporcionando ao usu\u00e1rio maior seguran\u00e7a para que possa se movimentar com tranquilidade e ganhar autonomia e independ\u00eancia.<\/p>\n<p>Este andarilho com rodas para idosos possui 4 rodas maci\u00e7as, com as duas rodas dianteiras a rodar 360, n\u00e3o h\u00e1 raz\u00e3o para se preocupar com furos prematuros, pois foram concebidos para ultrapassar confortavelmente pequenos obst\u00e1culos na estrada, tanto interiores como exteriores.<\/p>\n<p>Possui punhos ergon\u00f4micos confort\u00e1veis que ajudam a reduzir a fadiga durante o uso. Possui trav\u00f5es nos punhos, de ativa\u00e7\u00e3o suave, para parar o andarilho na hora desejada e sem necessidade de esfor\u00e7o. Tamb\u00e9m tem a possibilidade de deixar os freios travados para garantir a imobiliza\u00e7\u00e3o do andarilho com rodas e assento, por exemplo, ao sentar-se em seu assento.<\/p>\n<p>Este andador para idosos possui tamb\u00e9m um fant\u00e1stico cesto no qual poder\u00e1 colocar todos os seus pertences sem problemas, com seguran\u00e7a e conforto enquanto caminha. Al\u00e9m disso, \u00e9 regul\u00e1vel em altura, o que o torna ainda mais pr\u00e1tico, pois pode ser adaptado \u00e0s necessidades de cada utilizador.<\/p>\n<p>Possui ainda assento acolchoado, apoio para os p\u00e9s e encosto fabricados para garantir conforto e seguran\u00e7a. Voc\u00ea pode ter um merecido descanso ap\u00f3s o esfor\u00e7o e recuperar as for\u00e7as.<\/p>\n<p>Por \u00faltimo, este andarilho para idoso tem a capacidade de se dobrar e, gra\u00e7as ao seu material leve, torna-o f\u00e1cil de transportar.<\/p>\n<p>Caracter\u00edsticas t\u00e9cnicas do andarilho com rodas:<br \/>\nMaterial: Alum\u00ednio.<br \/>\nCor: Bordeaux<br \/>\nMaterial das rodas: S\u00f3lido.<br \/>\nMedidas do andarilho com rodas para idosos:<br \/>\nTamanho da roda: 20&#215;20 cm.<br \/>\nLargura total: 60 cm.<br \/>\nComprimento total: 90 cm.<br \/>\nAltura total ajust\u00e1vel: 45,5 &#8211; 104,5 cm.<br \/>\nLargura dobrada: 22 cm.<br \/>\nComprimento dobrado: 60,5 cm.<br \/>\nAltura dobrada: 110 &#8211; 120 cm.<br \/>\nAltura do ch\u00e3o ao assento: 54 cm.<br \/>\nLargura do assento: 34,5 cm.<br \/>\nComprimento do assento: 32 cm.<br \/>\nBarra do fundo ao assento: 31 cm.<br \/>\nBarra do fundo para o ch\u00e3o: 28,5 cm.<br \/>\nBarra debaixo do assento at\u00e9 ao ch\u00e3o: 35,5 cm.<br \/>\nAltura do encosto: 21,5 cm.<br \/>\nLargura do encosto: 35 cm.<br \/>\nLargura do apoio de bra\u00e7o: 3,5 cm.<br \/>\nComprimento do bra\u00e7o: 23,5 cm.<br \/>\nComprimento almofadado: 23,5 cm.<br \/>\nLargura almofadada: 3,5 cm.<br \/>\nDist\u00e2ncia entre pegas: 58,5 cm.<br \/>\nPunho de travagem \u00e0 dist\u00e2ncia: 11 cm.<br \/>\nTipo de trav\u00e3o: trav\u00e3o de alavanca.<br \/>\nPeso: 8,8 kg.<br \/>\nPeso m\u00e1ximo suportado: 100 kg.<br \/>\nDimens\u00f5es do cesto: 40 x 21 x 15 cm.<\/p>\n","protected":false},"excerpt":{"rendered":"<p>Os andarilhos para idosos modelo Col\u00f3n s\u00e3o ideais para pessoas com mobilidade reduzida, apresentam um design moderno e leve com uma elegante cor bord\u00f4. Este andarilho com rodas ajuda a melhorar a mobilidade das pessoas com problemas de mobilidade, melhorando assim a qualidade de vida. Seus materiais de primeira qualidade agregam valor, seguran\u00e7a e resist\u00eancia &hellip;<\/p>\n<p class=\"read-more\"> <a class=\"\" href=\"https:\/\/straton.pt\/?product=andarilho-4-rodas-dobravel-travoes-nos-punhos-assento-e-encosto\"> <span class=\"screen-reader-text\">Andarilho 4 rodas, dobr\u00e1vel, trav\u00f5es nos punhos, assento e encosto<\/span> Read More &raquo;<\/a><\/p>\n","protected":false},"featured_media":1396,"template":"","meta":{"site-sidebar-layout":"default","site-content-layout":"","ast-site-content-layout":"default","site-content-style":"default","site-sidebar-style":"default","ast-global-header-display":"","ast-banner-title-visibility":"","ast-main-header-display":"","ast-hfb-above-header-display":"","ast-hfb-below-header-display":"","ast-hfb-mobile-header-display":"","site-post-title":"","ast-breadcrumbs-content":"","ast-featured-img":"","footer-sml-layout":"","theme-transparent-header-meta":"default","adv-header-id-meta":"","stick-header-meta":"","header-above-stick-meta":"","header-main-stick-meta":"","header-below-stick-meta":"","astra-migrate-meta-layouts":"set"},"product_cat":[38],"product_tag":[],"_links":{"self":[{"href":"https:\/\/straton.pt\/index.php?rest_route=\/wp\/v2\/product\/1386"}],"collection":[{"href":"https:\/\/straton.pt\/index.php?rest_route=\/wp\/v2\/product"}],"about":[{"href":"https:\/\/straton.pt\/index.php?rest_route=\/wp\/v2\/types\/product"}],"wp:featuredmedia":[{"embeddable":true,"href":"https:\/\/straton.pt\/index.php?rest_route=\/wp\/v2\/media\/1396"}],"wp:attachment":[{"href":"https:\/\/straton.pt\/index.php?rest_route=%2Fwp%2Fv2%2Fmedia&parent=1386"}],"wp:term":[{"taxonomy":"product_cat","embeddable":true,"href":"https:\/\/straton.pt\/index.php?rest_route=%2Fwp%2Fv2%2Fproduct_cat&post=1386"},{"taxonomy":"product_tag","embeddable":true,"href":"https:\/\/straton.pt\/index.php?rest_route=%2Fwp%2Fv2%2Fproduct_tag&post=1386"}],"curies":[{"name":"wp","href":"https:\/\/api.w.org\/{rel}","templated":true}]}}