{"id":1439,"date":"2023-09-19T11:47:02","date_gmt":"2023-09-19T11:47:02","guid":{"rendered":"https:\/\/straton.pt\/?post_type=product&#038;p=1439"},"modified":"2025-01-19T23:12:25","modified_gmt":"2025-01-19T23:12:25","slug":"cadeira-de-rodas-premium-aluminio-encosto-bipartido-dobravel-almofada-grossa","status":"publish","type":"product","link":"https:\/\/straton.pt\/?product=cadeira-de-rodas-premium-aluminio-encosto-bipartido-dobravel-almofada-grossa","title":{"rendered":"Cadeira de rodas Venecia, alum\u00ednio, encosto bipartido dobr\u00e1vel, almofada grossa"},"content":{"rendered":"<p>A cadeira de rodas Venecia \u00e9 uma\u00a0<strong>cadeira de rodas<\/strong> muito vers\u00e1til, concebida para satisfazer as necessidades das pessoas com defici\u00eancia e mobilidade reduzida de forma eficaz. Sua excelente manobrabilidade e design desportivo atender\u00e3o \u00e0s expectativas dos utilizadores. Se est\u00e1 a pensar <strong>adquirir uma cadeira de rodas<\/strong> , este modelo possui uma estrutura robusta, em alum\u00ednio de primeira qualidade, que permite a sua utiliza\u00e7\u00e3o em condi\u00e7\u00f5es exigentes.<\/p>\n<p>Uma de suas principais caracter\u00edsticas \u00e9 o encosto rebat\u00edvel bipartido. Gra\u00e7as a esta fun\u00e7\u00e3o, que permite que parte do encosto seja empurrado para tr\u00e1s, permite reduzir a cadeira de forma mais consider\u00e1vel do que uma cadeira de rodas dobr\u00e1vel convencional, tornando muito mais confort\u00e1vel transportar a cadeira no carro ou guard\u00e1-la, entre outras coisas.<\/p>\n<p>O encosto possui ainda um bolso que permite guardar pertences como telem\u00f3veis, chaves, etc. Projetado para executar as tarefas do dia a dia com mais facilidade.<\/p>\n<p>Seus apoios de bra\u00e7os s\u00e3o regul\u00e1veis em altura com almofada de poliuretano, proporcionando maior conforto ao usu\u00e1rio.<\/p>\n<p>O assento e o encosto s\u00e3o confeccionados em nylon esticado com esponja, proporcionando firmeza e seguran\u00e7a \u00e0 cadeira, que tamb\u00e9m gra\u00e7as ao seu coxim espesso a torna uma das mais confort\u00e1veis do mercado.<\/p>\n<p><strong>Caracter\u00edsticas<\/strong><strong>:<\/strong><\/p>\n<ul>\n<li>Comprimento total: 100 cm<\/li>\n<li>Largura total: 70 cm<\/li>\n<li>Altura total: 92,5 cm<\/li>\n<li>Largura total dobrada: 33,5 cm<\/li>\n<li>Largura do assento: 43 cm<\/li>\n<li>Comprimento do assento: 39,5 cm<\/li>\n<li>Altura do encosto: 43,5 cm<\/li>\n<li>Altura do ch\u00e3o ao assento: 46 cm<\/li>\n<li>Peso suportado: 120kg<\/li>\n<li>Peso l\u00edquido: 16,8kg<\/li>\n<li>Arma\u00e7\u00e3o Travessa \u00fanica transversal<\/li>\n<li>Roda dianteira: 6&#8243;<\/li>\n<li>roda traseira 24&#8243;<\/li>\n<li>pneus de poliuretano<\/li>\n<li>roda raiada<\/li>\n<li>Apoios de bra\u00e7os ajust\u00e1veis em altura com almofada de poliuretano<\/li>\n<li>Os apoios para os p\u00e9s podem ser girados para dentro e para fora e s\u00e3o remov\u00edveis<\/li>\n<li>Assento e encosto em nylon esticado com esponja<\/li>\n<li>Forquilha dianteira em alum\u00ednio ajust\u00e1vel em altura<\/li>\n<li>Encosto semi-dobr\u00e1vel especial<\/li>\n<li>lan\u00e7amento r\u00e1pido<\/li>\n<li>almofada grossa<\/li>\n<li>anti inclina\u00e7\u00e3o<\/li>\n<li>Cinto de seguran\u00e7a<\/li>\n<li>Cor turquesa<\/li>\n<\/ul>\n","protected":false},"excerpt":{"rendered":"<p>A cadeira de rodas Venecia \u00e9 uma\u00a0cadeira de rodas muito vers\u00e1til, concebida para satisfazer as necessidades das pessoas com defici\u00eancia e mobilidade reduzida de forma eficaz. Sua excelente manobrabilidade e design desportivo atender\u00e3o \u00e0s expectativas dos utilizadores. Se est\u00e1 a pensar adquirir uma cadeira de rodas , este modelo possui uma estrutura robusta, em alum\u00ednio &hellip;<\/p>\n<p class=\"read-more\"> <a class=\"\" href=\"https:\/\/straton.pt\/?product=cadeira-de-rodas-premium-aluminio-encosto-bipartido-dobravel-almofada-grossa\"> <span class=\"screen-reader-text\">Cadeira de rodas Venecia, alum\u00ednio, encosto bipartido dobr\u00e1vel, almofada grossa<\/span> Read More &raquo;<\/a><\/p>\n","protected":false},"featured_media":1440,"template":"","meta":{"site-sidebar-layout":"default","site-content-layout":"","ast-site-content-layout":"default","site-content-style":"default","site-sidebar-style":"default","ast-global-header-display":"","ast-banner-title-visibility":"","ast-main-header-display":"","ast-hfb-above-header-display":"","ast-hfb-below-header-display":"","ast-hfb-mobile-header-display":"","site-post-title":"","ast-breadcrumbs-content":"","ast-featured-img":"","footer-sml-layout":"","theme-transparent-header-meta":"default","adv-header-id-meta":"","stick-header-meta":"","header-above-stick-meta":"","header-main-stick-meta":"","header-below-stick-meta":"","astra-migrate-meta-layouts":"set"},"product_cat":[29],"product_tag":[],"_links":{"self":[{"href":"https:\/\/straton.pt\/index.php?rest_route=\/wp\/v2\/product\/1439"}],"collection":[{"href":"https:\/\/straton.pt\/index.php?rest_route=\/wp\/v2\/product"}],"about":[{"href":"https:\/\/straton.pt\/index.php?rest_route=\/wp\/v2\/types\/product"}],"wp:featuredmedia":[{"embeddable":true,"href":"https:\/\/straton.pt\/index.php?rest_route=\/wp\/v2\/media\/1440"}],"wp:attachment":[{"href":"https:\/\/straton.pt\/index.php?rest_route=%2Fwp%2Fv2%2Fmedia&parent=1439"}],"wp:term":[{"taxonomy":"product_cat","embeddable":true,"href":"https:\/\/straton.pt\/index.php?rest_route=%2Fwp%2Fv2%2Fproduct_cat&post=1439"},{"taxonomy":"product_tag","embeddable":true,"href":"https:\/\/straton.pt\/index.php?rest_route=%2Fwp%2Fv2%2Fproduct_tag&post=1439"}],"curies":[{"name":"wp","href":"https:\/\/api.w.org\/{rel}","templated":true}]}}