{"id":1601,"date":"2024-04-12T16:28:19","date_gmt":"2024-04-12T16:28:19","guid":{"rendered":"https:\/\/straton.pt\/?post_type=product&#038;p=1601"},"modified":"2025-01-19T23:28:45","modified_gmt":"2025-01-19T23:28:45","slug":"cadeira-de-rodas-dobravel-denver-rodas-grandes","status":"publish","type":"product","link":"https:\/\/straton.pt\/?product=cadeira-de-rodas-dobravel-denver-rodas-grandes","title":{"rendered":"Cadeira de rodas dobr\u00e1vel Denver, rodas grandes"},"content":{"rendered":"<p>Caracter\u00edsticas t\u00e9cnicas da cadeira de rodas dobr\u00e1vel:<br \/>\nAltura total: 90 cm<br \/>\nLargura total: 62,5 cm<br \/>\nComprimento total: 105 cm<br \/>\nLargura total dobrada: 29,5 cm<br \/>\nLargura do assento: 46 cm<br \/>\nComprimento do assento: 40 cm<br \/>\nPeso total: 17,5kg<br \/>\nPeso suportado: 110kg<br \/>\nAltura do ch\u00e3o ao assento: 48cm<br \/>\nAltura at\u00e9 os bra\u00e7os: 76 cm<br \/>\nLargura total (rodas traseiras): 63 cm<br \/>\nLargura total (rodas dianteiras): 46 cm<br \/>\nAltura do assento at\u00e9 os bra\u00e7os: 28 cm<br \/>\nLargura entre os bra\u00e7os: 51 cm<br \/>\nAssento alto &#8211; encosto: 43 cm<br \/>\nLargura traseira: 37,5 cm<br \/>\nComprimento do encosto: 45,5 cm<br \/>\nBolso (largura x altura): 27,5 x 20 cm<br \/>\nLargura entre as al\u00e7as: 46 cm<br \/>\nLargura do apoio para os p\u00e9s: 44,5 cm<br \/>\nLargura do apoio de bra\u00e7o dobrado: 15,5 cm<br \/>\nLargura do guiador dobrado: 11 cm<br \/>\nCor : Cinza<\/p>\n","protected":false},"excerpt":{"rendered":"<p>Caracter\u00edsticas t\u00e9cnicas da cadeira de rodas dobr\u00e1vel: Altura total: 90 cm Largura total: 62,5 cm Comprimento total: 105 cm Largura total dobrada: 29,5 cm Largura do assento: 46 cm Comprimento do assento: 40 cm Peso total: 17,5kg Peso suportado: 110kg Altura do ch\u00e3o ao assento: 48cm Altura at\u00e9 os bra\u00e7os: 76 cm Largura total (rodas &hellip;<\/p>\n<p class=\"read-more\"> <a class=\"\" href=\"https:\/\/straton.pt\/?product=cadeira-de-rodas-dobravel-denver-rodas-grandes\"> <span class=\"screen-reader-text\">Cadeira de rodas dobr\u00e1vel Denver, rodas grandes<\/span> Read More &raquo;<\/a><\/p>\n","protected":false},"featured_media":1602,"template":"","meta":{"site-sidebar-layout":"default","site-content-layout":"","ast-site-content-layout":"default","site-content-style":"default","site-sidebar-style":"default","ast-global-header-display":"","ast-banner-title-visibility":"","ast-main-header-display":"","ast-hfb-above-header-display":"","ast-hfb-below-header-display":"","ast-hfb-mobile-header-display":"","site-post-title":"","ast-breadcrumbs-content":"","ast-featured-img":"","footer-sml-layout":"","theme-transparent-header-meta":"default","adv-header-id-meta":"","stick-header-meta":"","header-above-stick-meta":"","header-main-stick-meta":"","header-below-stick-meta":"","astra-migrate-meta-layouts":"set"},"product_cat":[29],"product_tag":[],"_links":{"self":[{"href":"https:\/\/straton.pt\/index.php?rest_route=\/wp\/v2\/product\/1601"}],"collection":[{"href":"https:\/\/straton.pt\/index.php?rest_route=\/wp\/v2\/product"}],"about":[{"href":"https:\/\/straton.pt\/index.php?rest_route=\/wp\/v2\/types\/product"}],"wp:featuredmedia":[{"embeddable":true,"href":"https:\/\/straton.pt\/index.php?rest_route=\/wp\/v2\/media\/1602"}],"wp:attachment":[{"href":"https:\/\/straton.pt\/index.php?rest_route=%2Fwp%2Fv2%2Fmedia&parent=1601"}],"wp:term":[{"taxonomy":"product_cat","embeddable":true,"href":"https:\/\/straton.pt\/index.php?rest_route=%2Fwp%2Fv2%2Fproduct_cat&post=1601"},{"taxonomy":"product_tag","embeddable":true,"href":"https:\/\/straton.pt\/index.php?rest_route=%2Fwp%2Fv2%2Fproduct_tag&post=1601"}],"curies":[{"name":"wp","href":"https:\/\/api.w.org\/{rel}","templated":true}]}}