{"id":1623,"date":"2024-06-29T10:11:54","date_gmt":"2024-06-29T10:11:54","guid":{"rendered":"https:\/\/straton.pt\/?post_type=product&#038;p=1623"},"modified":"2025-01-19T23:19:37","modified_gmt":"2025-01-19T23:19:37","slug":"andarilho-columna-sem-rodas-regulavel-em-altura-aluminio","status":"publish","type":"product","link":"https:\/\/straton.pt\/?product=andarilho-columna-sem-rodas-regulavel-em-altura-aluminio","title":{"rendered":"Andarilho Columna, sem rodas, regul\u00e1vel em altura, alum\u00ednio"},"content":{"rendered":"<p>O andador adulto Columna \u00e9 a solu\u00e7\u00e3o ideal para pessoas com mobilidade reduzida, pois permite-lhes caminhar com maior seguran\u00e7a e autonomia, facilitando o passo natural do utilizador e evitando quedas devido \u00e0 instabilidade durante a marcha.<br \/>\n\u00c9 um andador de alum\u00ednio de alta qualidade, um material leve e resistente. Sua estrutura de alum\u00ednio leve ajudar\u00e1 a facilitar o manuseio com o m\u00ednimo esfor\u00e7o.<br \/>\nPernas ajust\u00e1veis em altura, para um perfeito ajuste do andador ao usu\u00e1rio, proporcionando mais conforto e independ\u00eancia na caminhada e no uso di\u00e1rio.<br \/>\nEste andador para idosos \u00e9 dobr\u00e1vel com um \u00fanico clique, ocupando assim o espa\u00e7o m\u00ednimo quando armazenado ou transportado. Punhos ergon\u00f3micos, concebidos para um \u00f3timo n\u00edvel de esfor\u00e7o durante a utiliza\u00e7\u00e3o, bem como um maior apoio.<br \/>\nO andador dobr\u00e1vel Coluna \u00e9 uma garantia de confiabilidade e usabilidade, voc\u00ea pode compr\u00e1-lo a um \u00f3timo pre\u00e7o sem sacrificar a qualidade garantida.<br \/>\nGrupo R. Queralt\u00f3 \u00e9 uma garantia de qualidade ao melhor pre\u00e7o, com mais de 120 anos de experi\u00eancia no setor como empresa l\u00edder, esfor\u00e7amo-nos por oferecer-lhe apenas o melhor, a pre\u00e7os imbat\u00edveis.<\/p>\n<p>Carater\u00edsticas t\u00e9cnicas do andarilho ortop\u00e9dico:<br \/>\nMaterial: Alum\u00ednio<br \/>\nCor: Prata<br \/>\nLargura total: 55 cm<br \/>\nLargura dobrada: 12 cm<br \/>\nAltura total ajust\u00e1vel: 76 &#8211; 94 cm<br \/>\nComprimento total: 48 cm<br \/>\nPeso: 2,5 kg<br \/>\nPeso m\u00e1ximo suportado: 100 kg.<\/p>\n","protected":false},"excerpt":{"rendered":"<p>O andador adulto Columna \u00e9 a solu\u00e7\u00e3o ideal para pessoas com mobilidade reduzida, pois permite-lhes caminhar com maior seguran\u00e7a e autonomia, facilitando o passo natural do utilizador e evitando quedas devido \u00e0 instabilidade durante a marcha. \u00c9 um andador de alum\u00ednio de alta qualidade, um material leve e resistente. Sua estrutura de alum\u00ednio leve ajudar\u00e1 &hellip;<\/p>\n<p class=\"read-more\"> <a class=\"\" href=\"https:\/\/straton.pt\/?product=andarilho-columna-sem-rodas-regulavel-em-altura-aluminio\"> <span class=\"screen-reader-text\">Andarilho Columna, sem rodas, regul\u00e1vel em altura, alum\u00ednio<\/span> Read More &raquo;<\/a><\/p>\n","protected":false},"featured_media":1624,"template":"","meta":{"site-sidebar-layout":"default","site-content-layout":"","ast-site-content-layout":"default","site-content-style":"default","site-sidebar-style":"default","ast-global-header-display":"","ast-banner-title-visibility":"","ast-main-header-display":"","ast-hfb-above-header-display":"","ast-hfb-below-header-display":"","ast-hfb-mobile-header-display":"","site-post-title":"","ast-breadcrumbs-content":"","ast-featured-img":"","footer-sml-layout":"","theme-transparent-header-meta":"default","adv-header-id-meta":"","stick-header-meta":"","header-above-stick-meta":"","header-main-stick-meta":"","header-below-stick-meta":"","astra-migrate-meta-layouts":"set"},"product_cat":[38],"product_tag":[],"_links":{"self":[{"href":"https:\/\/straton.pt\/index.php?rest_route=\/wp\/v2\/product\/1623"}],"collection":[{"href":"https:\/\/straton.pt\/index.php?rest_route=\/wp\/v2\/product"}],"about":[{"href":"https:\/\/straton.pt\/index.php?rest_route=\/wp\/v2\/types\/product"}],"wp:featuredmedia":[{"embeddable":true,"href":"https:\/\/straton.pt\/index.php?rest_route=\/wp\/v2\/media\/1624"}],"wp:attachment":[{"href":"https:\/\/straton.pt\/index.php?rest_route=%2Fwp%2Fv2%2Fmedia&parent=1623"}],"wp:term":[{"taxonomy":"product_cat","embeddable":true,"href":"https:\/\/straton.pt\/index.php?rest_route=%2Fwp%2Fv2%2Fproduct_cat&post=1623"},{"taxonomy":"product_tag","embeddable":true,"href":"https:\/\/straton.pt\/index.php?rest_route=%2Fwp%2Fv2%2Fproduct_tag&post=1623"}],"curies":[{"name":"wp","href":"https:\/\/api.w.org\/{rel}","templated":true}]}}