{"id":316,"date":"2020-03-18T14:51:27","date_gmt":"2020-03-18T14:51:27","guid":{"rendered":"https:\/\/straton.pt\/?product=anti-aging-skin-toner"},"modified":"2025-01-19T19:36:27","modified_gmt":"2025-01-19T19:36:27","slug":"cadeira-de-rodas-eletrica-20km","status":"publish","type":"product","link":"https:\/\/straton.pt\/?product=cadeira-de-rodas-eletrica-20km","title":{"rendered":"Cadeira de rodas el\u00e9trica, dobr\u00e1vel, a\u00e7o, auton. 20 km"},"content":{"rendered":"<h2><strong>Principais caracter\u00edsticas da cadeiras de rodas el\u00e9trica:<\/strong><\/h2>\n<ul>\n<li>Dobr\u00e1vel sem necessidade de remover as baterias.<\/li>\n<li>Apoio de bra\u00e7os adapt\u00e1veis<\/li>\n<li>Apoio de p\u00e9s remov\u00edvel e dobr\u00e1vel<\/li>\n<li>Joystick de controlo para canhotos e destros<\/li>\n<li>Assento acolchoado com bolso traseiro<\/li>\n<li>Sistema de desbloqueio para uso manual<\/li>\n<li>Rodas maci\u00e7as de elevada resist\u00eancia ao desgaste que permitem uma movimenta\u00e7\u00e3o est\u00e1vel e silenciosa<\/li>\n<li>Rodas traseiras anti-tombo<\/li>\n<li>Pode subir passeios at\u00e9 2,80 cm de atura<\/li>\n<li>Disp\u00f5e de marcha-atr\u00e1s<\/li>\n<\/ul>\n<h2>Aspetos t\u00e9cnicos da cadeira de rodas el\u00e9trica dobr\u00e1vel:<\/h2>\n<ul>\n<li>Velocidade m\u00e1xima: 6 km\/h<\/li>\n<li>Inclina\u00e7\u00e3o m\u00e1xima: 8\u00ba<\/li>\n<\/ul>\n<h2><strong>Medidas da cadeira de rodas motorizada:<\/strong><\/h2>\n<ul>\n<li>Medidas gerais (altura x largura x comprimento): 99 x 66.4 x 102.2 cm.<\/li>\n<li>Medidas cadeira dobrada (largura x altura x comprimento): 43.8 x 99 X 75.5 cm.<\/li>\n<li>Comprimento sem apoio de p\u00e9s: 75.5<\/li>\n<li>Largura do assento: 44 cm.<\/li>\n<li>Comprimento do assento: 40cm.<\/li>\n<li>Barra debaixo do assento at\u00e9 ao ch\u00e3o: 13,5 cm.<\/li>\n<li>Altura do encosto: 42,5 cm.<\/li>\n<li>Largura do encosto: 48 cm.<\/li>\n<li>Dist\u00e2ncia entre pegas: 40,4 cm.<\/li>\n<li>Largura do apoio para os p\u00e9s: 17,5 cm.<\/li>\n<li>Largura entre apoios para os p\u00e9s: 38,5 cm.<\/li>\n<li>Comprimento do apoio para os p\u00e9s: 14,2 cm.<\/li>\n<li>Largura do apoio de bra\u00e7o: 6 cm.<\/li>\n<li>Comprimento do bra\u00e7o: 25,5 cm.<\/li>\n<li>Altura do apoio de bra\u00e7o: 21,3 cm.<\/li>\n<li>Profundidade do assento: 40 cm.<\/li>\n<li>Altura do ch\u00e3o ao assento: 50 cm.<\/li>\n<li>Joystick (largura x comprimento x altura): 9,2 x 20,5 x 6<\/li>\n<li>Comprimento do bra\u00e7o com joystick: m\u00e1x. 44 cm, min. 33,5 cm.<\/li>\n<li>Dist\u00e2ncia do ch\u00e3o ao joystick: 72 cm.<\/li>\n<li>Comprimento sem apoio para os p\u00e9s: 75,5 cm.<\/li>\n<\/ul>\n<p><strong>Medid<\/strong><strong>as Padr\u00e3o, N\u00c3O ADAPT\u00c1VEIS.<\/strong><\/p>\n<h3><strong>Baterias:<\/strong><\/h3>\n<ul>\n<li>Baterias de gel: 2 (12V\/20AH)<\/li>\n<li>Tempo de carregamento: 6-8 horas<\/li>\n<li>Autonomia: 20 km<\/li>\n<\/ul>\n<h3><strong>Rodas:<\/strong><\/h3>\n<ul>\n<li>Di\u00e2metro da roda dianteira: 19 cm<\/li>\n<li>Di\u00e2metro da roda traseira: 32,5 cm<\/li>\n<\/ul>\n<h3><strong>Peso:<\/strong><\/h3>\n<ul>\n<li>Peso m\u00e1ximo suportado: 110 kg<\/li>\n<li>Peso sem baterias: 42 kg<\/li>\n<li>Peso com baterias: 58 kg<\/li>\n<\/ul>\n<h2>Recomendamos a cadeira de rodas autom\u00e1tica devido:<\/h2>\n<ul>\n<li><strong>Resist\u00eancia:\u00a0<\/strong>\u00c9 capaz de suportar at\u00e9 110 kg.<\/li>\n<li><strong>Autonomia:\u00a0<\/strong>Conta com baterias duradouras e que demoram pouco tempo at\u00e9 ficarem totalmente carregadas.<\/li>\n<li><strong>Seguran\u00e7a:\u00a0<\/strong>Conta com rodas compactas e anti-furo.<\/li>\n<\/ul>\n<h3><strong>Garantia: 3<\/strong>\u00a0anos<\/h3>\n<h4><strong>Condi\u00e7\u00f5es de devolu\u00e7\u00e3o:<\/strong><\/h4>\n<p>Em caso de devolu\u00e7\u00e3o, o produto deve ser entregue nas mesmas condi\u00e7\u00f5es de embalagem com que chegou. A garantia apenas cobre os defeitos de fabrico, n\u00e3o cobre golpes, arranh\u00f5es ou danos causados por utiliza\u00e7\u00e3o inadequada da\u00a0<strong>cadeira de rodas autom\u00e1tica<\/strong>.<\/p>\n","protected":false},"excerpt":{"rendered":"<h4 class=\"h5 section-title d-none d-md-block\">Carateristicas<\/h4>\n<div class=\"d-none d-md-block\">\n<div class=\"grq-widget d-block w-100 my-0 py-0\"><\/div>\n<\/div>\n<div class=\"d-none d-md-block\">\n<p><strong>MEDO DE COMPRAR UMA CADEIRA DE RODAS EL\u00c9TRICA NA INTERNET?<\/strong>\u00a0Esse precisa de se preocupar. Entre em contacto connosco e esclareceremos as suas d\u00favidas. N\u00e3o sabe como usar, montar, dobrar, ou manter a sua\u00a0<strong>cadeira de rodas el\u00e9trica<\/strong>? Entre em contato connosco, estamos ao seu dispor!<\/p>\n<p><strong>DOBR\u00c1VEL<\/strong>: A\u00a0<strong>cadeira de rodas el\u00e9trica<\/strong>\u00a0pode-se dobrar sem necessidade de retirar as baterias. Basta retirar os apoios dos p\u00e9s e mover os apoios de bra\u00e7os.<\/p>\n<p><strong>BATERIA E AUTONOMIA<\/strong>: A cadeira de rodas el\u00e9trica modelo Cenit disp\u00f5e de 2 baterias de gel de 12V\/20HA recarreg\u00e1veis. A sua autonomia \u00e9 de 20 km.<\/p>\n<p><strong>LEVE<\/strong>: O peso total da cadeira de rodas \u00e9 de 58 kg (inclu\u00edndo as baterias). O seu peso sem baterias \u00e9 de 42 kg. Para al\u00e9m disso, \u00e9 ainda capaz de suportar at\u00e9 110 kg de peso.<\/p>\n<p><strong>ADAPT\u00c1VEL<\/strong>: Os apoios para bra\u00e7os da\u00a0<strong>cadeira de rodas el\u00e9trica<\/strong>\u00a0s\u00e3o dobr\u00e1veis e os seus apoios para p\u00e9s podem ser retirados e\/ou dobr\u00e1veis. Para al\u00e9m disso, conta com um comando de controlo adapt\u00e1vel para destros e esquerdinos.<\/p>\n<p><strong>CONFORT\u00c1VEL E RESISTENTE<\/strong>: Esta\u00a0<strong>cadeira de rodas motorizada<\/strong>\u00a0conta com assento acolchoado para assegurar o conforto dos usu\u00e1rios. A cadeira Cenit est\u00e1 fabricada em a\u00e7o, tornando-a numa cadeira de rodas robusta e resistente.<\/p>\n<p><strong>SEGURA<\/strong>: A\u00a0<strong>cadeira de rodas motorizada<\/strong>\u00a0conta com dispositivos de seguran\u00e7a tais como rodas traseiras anti-tombo, de forma a garantir a estabilidade do usu\u00e1rio.<\/p>\n<p><strong>RODAS COMPACTAS:\u00a0<\/strong>As rodas da cadeira Cenit s\u00e3o maci\u00e7as e resistentes, o que ajudar\u00e1 a evitar furos desnecess\u00e1rios.<\/p>\n<p><strong>PORTAS E COMPARTIMENTO PORTA-BAGAGENS<\/strong>: Esta\u00a0<strong>cadeira de rodas el\u00e9ctrica<\/strong>\u00a0tem uma largura total de 66,4 cm, pelo que pode passar por portas de largura padr\u00e3o de 72.5 cm. Certifique-se de verificar as medidas das suas portas e do seu ve\u00edculo para ter a certeza que se adequa.<\/p>\n<p><strong>MOBICLINIC S.L.<\/strong>\u00a0\u00c9 uma empresa fabricante l\u00edder de mob\u00edlia cl\u00ednica e hospitalar, ajudas di\u00e1rias e ortopedia. Empresa especialista que oferece a melhor qualidade e confian\u00e7a aos seus clientes desde 1985.<\/p>\n<\/div>\n","protected":false},"featured_media":1274,"template":"","meta":{"site-sidebar-layout":"no-sidebar","site-content-layout":"boxed-container","ast-site-content-layout":"normal-width-container","site-content-style":"boxed","site-sidebar-style":"boxed","ast-global-header-display":"","ast-banner-title-visibility":"","ast-main-header-display":"","ast-hfb-above-header-display":"","ast-hfb-below-header-display":"","ast-hfb-mobile-header-display":"","site-post-title":"","ast-breadcrumbs-content":"","ast-featured-img":"","footer-sml-layout":"","theme-transparent-header-meta":"default","adv-header-id-meta":"","stick-header-meta":"","header-above-stick-meta":"","header-main-stick-meta":"","header-below-stick-meta":"","astra-migrate-meta-layouts":"set"},"product_cat":[29],"product_tag":[],"_links":{"self":[{"href":"https:\/\/straton.pt\/index.php?rest_route=\/wp\/v2\/product\/316"}],"collection":[{"href":"https:\/\/straton.pt\/index.php?rest_route=\/wp\/v2\/product"}],"about":[{"href":"https:\/\/straton.pt\/index.php?rest_route=\/wp\/v2\/types\/product"}],"wp:featuredmedia":[{"embeddable":true,"href":"https:\/\/straton.pt\/index.php?rest_route=\/wp\/v2\/media\/1274"}],"wp:attachment":[{"href":"https:\/\/straton.pt\/index.php?rest_route=%2Fwp%2Fv2%2Fmedia&parent=316"}],"wp:term":[{"taxonomy":"product_cat","embeddable":true,"href":"https:\/\/straton.pt\/index.php?rest_route=%2Fwp%2Fv2%2Fproduct_cat&post=316"},{"taxonomy":"product_tag","embeddable":true,"href":"https:\/\/straton.pt\/index.php?rest_route=%2Fwp%2Fv2%2Fproduct_tag&post=316"}],"curies":[{"name":"wp","href":"https:\/\/api.w.org\/{rel}","templated":true}]}}